 -2 + -28 + 18 + (-23 - -4)
-29
What is (-20 - 1) + 116 + -106 + 35?
24
Evaluate -48 - (9 - 12 - 5).
-40
What is the value of (-161 - (-369 - -199)) + -49 + 2 + -2?
-40
What is the value of -23 + 27 + -8 - -40?
36
What is (0 - 2) + -34 - (-151 + 180 - (22 + 2))?
-41
Evaluate (-45 - (41 - 82)) + 8.
4
(-3 - 0) + 15 - (393 + -383) - 76
-74
Evaluate -78 + 46 - (0 + -23).
-9
What is -4 + (0 - 16 - (17 - (-5 + 20)))?
-22
Evaluate 19 + -32 - (-64 - -108) - (-7 + 0).
-50
What is (174 - 47) + -61 + -109?
-43
What is the value of 51 - 2 - (-54 - -61) - -2?
44
Calculate 3 - (50 - 19) - (2 + -6).
-24
What is the value of (96 - 127 - 41) + 41?
-31
Evaluate -28 + 9 + 24 - (1 + -3) - -9.
16
What is the value of -140 + 137 + (-10 + 3 - (-5 - 0) - -7)?
2
What is 7 + (38 - 8 - 35) - -22?
24
What is -4 + (21 - (-21 - -24)) + -8?
6
What is 30 + (1 - 2 - 20) + (140 - 129)?
20
Evaluate 117 + -301 + 217 - (0 + -5).
38
Evaluate (18 - -55) + (-137 - 42).
-106
What is the value of 26 + ((7 - 9) + 23 - 74)?
-27
What is the value of -52 + 48 + -8 - -51?
39
Evaluate 24 - 9 - 19 - ((8 + -2 - 3) + 42).
-49
32 - (25 + 22) - ((0 - -3) + (-114 - -1))
95
What is the value of -50 - -54 - (4 - (2 + 8 + -73 - -1))?
-62
3 + 56 - 89 - -15
-15
What is the value of -8 + (1170 - 1159 - (0 - -1 - 46))?
48
-1 + -60 + (-3 - 1) - (62 - 41 - 23)
-63
Calculate (40 - 1 - 14) + -17 + -10.
-2
What is the value of 6 + 11 + (-3 - -19) + -11?
22
What is the value of -58 + -159 + 59 + 61?
-97
Calculate -4 - (10 - (5 + (-8 - 7) + 0 + -4)).
-28
Calculate (9 - (5 - -14)) + (10 - (15 + -18)) - 1.
2
Evaluate 22 - 19 - (11 - (-7 - -34)) - -33.
52
-130 - (-45 + 91) - -81
-95
-156 + (-1 - 4) + 5 - (3548 - 3562)
-142
What is -16 + 11 + -3 + 6 + 19 + -9 + -6?
2
What is the value of -16 + 21 + 3 + -35 - 60?
-87
Calculate -7 + 8 + -49 - -101.
53
What is (-5 - ((7 + -5 - 1) + -3)) + -19 + 3?
-19
Calculate -5 + -4 - (19 + -22 + 0) - 98.
-104
Calculate 6 + -11 + -1 + 5 - (-2 - 0 - -61).
-60
What is the value of 5 + -20 + 21 + 11 + 5 + -12?
10
Evaluate (-210 - -137) + 99 - (-2 + 6 - 18).
40
28 + (80 - 12 - 55)
41
Calculate -2 - (2 + (-25 - -18) + (-3 - -18) + 8).
-20
What is the value of (2 - (-103 - 2) - 2) + (118 - (268 + -153))?
108
19 + (-19 + 19 - 1 - -23)
41
What is the value of -15 - -4 - -13 - (147 - 31)?
-114
Evaluate -2623 + 2648 - (1 - -37).
-13
What is 11 - (-41 + 29) - 47?
-24
Calculate -3 - 64 - (141 + -248).
40
What is the value of (0 - 75) + (1 - (-11 - (0 + -9) - -8))?
-80
What is 39 + (11 - (12 + -3 - (-18 - -8)))?
31
What is the value of 90 - (151 + (112 - 229))?
56
What is (12 - 58) + (5 - -1 - (-104 - -106))?
-42
Calculate (-95 - 6) + 136 + -17.
18
Evaluate -147 - (-35 - (-89 - -108)).
-93
Evaluate -4 + (4 - 4) + -5 + (-275 - -274) - -4.
-6
Evaluate -65 + (-6 - 0) + -4 + 18 + (19 - 18).
-56
-89 + 143 - (1 + 9) - (-70 + 65)
49
Calculate -37 - -7 - (4 - (5 + 17 + -35)).
-47
Calculate (-87 - -80 - -8) + -2 + 62.
61
What is -2 - (-33 - (-4 - (-21 - -33)))?
15
What is (22 + 12 - -63) + -39?
58
Calculate 28 + -28 - 33 - -87.
54
What is the value of 3 - 1 - (-29 + 13 + 60 - (-8 + 23))?
-27
What is the value of 14 - (44 - 18) - -35 - -11?
34
Calculate (-15 + -57 + 39 - -22) + (130 + 3 - 0).
122
Calculate 61 + (-23 - (-40 - -90)).
-12
What is the value of (5 + -5 - 21) + -29?
-50
What is the value of (30 - 2) + -6 + -4 + -87?
-69
Calculate -25 - (26 + (-17 - 8)) - -66.
40
Evaluate -27 + (-46 - (-25 + -3) - (4 + -3)).
-46
-33 - (24 + (4 - -3) + 5 + -21)
-48
7 - -15 - 136 - -7
-107
What is the value of -133 - -45 - -100 - (83 - 0)?
-71
(1 - -1) + (96 - ((-23 - 2) + 24))
99
Evaluate (15 - (46 - 36)) + 64 + 25.
94
Calculate 14 - (14 - 11 - (0 + (-13 - -7))).
5
What is (46 - (-1 - 19)) + 4 + -5 + -8?
57
Evaluate 15 - 3 - (-145 + 125).
32
2 + -13 - 0 - -5
-6
(-8 - (49 + -59)) + 12
14
Evaluate (6 - 151) + (30 - (56 - 68)).
-103
Evaluate (-2 - 4 - 2) + -28 + 23 + -16.
-29
Evaluate (-148 - -376) + -248 + (-1 - -106).
85
What is the value of 1 - 0 - (45 - (-14 - (-20 + 8) - -15))?
-31
(-111 - -114) + (27 - 2)
28
What is the value of 77 - (-36 + (3 - (-24 - 8)))?
78
What is -1 + -7 + 4 - -11 - ((-54 - -22) + 8)?
31
Calculate 54 - -1 - (23 + -23 - 26).
81
Evaluate -14 + (-24 - 6) - (52 + -29).
-67
What is the value of 106 + 71 + -89 + -31?
57
What is -3 + 3 + 63 - 1 - (42 + (-108 - -76))?
52
23 - (-19 + -13 + 42)
13
Evaluate -16 + ((11 - 8) + 1 - 11) + 35.
12
What is 9 - (1 + (3 - 7) + -9 + 21)?
0
Calculate (-8 + 1 - (-58 - -24 - -20)) + -26.
-19
Calculate 3 + 46 + -89 + 86.
46
Evaluate -34 + 185 - 62 - 20.
69
Calculate 0 + -3 + 17 - ((133 - 99) + -108).
88
(-971 - -972) + (5 - -1) + (-1 + 105 - 5)
106
What is -56 - (53 - (166 + -47)) - (2 + (-2 - -53))?
-43
What is (-7 + 15 + -8 + 4 - (-2 - -5)) + -45?
-44
Evaluate -6 - (12 + (-2 - (13 - 10) - 116) + 11).
92
Evaluate 96 + -98 - -221 - 97.
122
What is 3 - (-99 - ((34 - -13) + -27))?
122
What is (-20 - (-1 + (-2 - -6))) + 98 + 10?
85
What is the value of 251 + -226 - (5 + 49)?
-29
3 + (7 - (3 - -11)) - -1 - 29
-32
What is the value of -65 + 61 - (9 + -25 - -12)?
0
Calculate (4 - (7 + -73 + -8)) + -14.
64
What is the value of -78 + -121 + 72 - -107?
-20
Calculate (5 + 7 - 16) + -2 + 11 - 3.
2
Evaluate (5 - 33) + -73 + 156.
55
(68 + -40 - (0 - 13)) + -6
35
What is (-3 - -8 - 111) + 8 + 10 + 13?
-75
-1 + (-45 - -1) + (-13 - -46 - 13 - 27)
-52
What is 104 - (113 + -51 + -36)?
78
What is the value of (-136 - -138) + -55 + 143?
90
(10 - (9 - -4)) + 141 - 19 - -17
136
What is the value of 14 - (-14 + 2 + 26 + (16 - 17))?
1
Calculate -2 + (54 - (-24 - (-25 + 24))).
75
Calculate (-19 - 58) + (-1 - (4 - 2)) - (-21 - -23).
-82
What is the value of (4 - -28) + -144 + 97 + 75?
60
Calculate -28116 + 28143 + -1 + 8 + 1.
35
What is the value of 17 + (-47 - (-11 - -23))?
-42
What is -29 + (-3 + 0 - 1) - (238 + -230)?
-41
What is -74 + (-10 - (56 + -203))?
63
What is (4202 - 4236) + -18 + -1?
-53
-15 + 3 + -19 + 16 + (2 - 5)
-18
25 + (-173 - (-24 + -11 + -8 + 21))
-126
Evaluate 2 - ((-6 - -9) + -7) - (-6 + (25 - 17)).
4
-64 - 0 - (251 + -249 + 1 + -15)
-52
What is the value of (18 - 222) + 186 - (-2 + -2 + 35)?
-49
Calculate -57 - (-43 + -20 - -18).
-12
Calculate 0 + 11 + (-59 + 24 - -89) + -56.
9
What is the value of 95 + -22 + -43 - 40?
-10
What is the value of -1939 - -1988 - (1 + 51)?
-3
(-8132 - -8405) + -2 + -126
145
Evaluate -118 - (-203 - (-73 + -45)).
-33
What is the value of (1 - -3) + (1724 - 1724) + (-1 - (2 + -2))?
3
What is the value of -44 - (4 + 16 + -10 + -16 + 14)?
-52
-55 - (-40 + 43 - 49)
-9
27 - (-2 + -28 + 72) - -63
48
What is the value of -1 + 4 - (51 + -39) - (12 + (9 - 3))?
-27
What is the value of 43 + 0 + (-2 - 40) + 39?
40
What is the value of -3 + -14 + 4 + 25 + -55 + 48 + 11?
16
52 + (-45 - 9) - (-6 - -38)
-34
Calculate 48 + 21 - 47 - (13 + 0 + (0 - 2)).
11
Calculate 26 + (-12 - (20 + 15) - 34).
-55
Calculate 40 - (13 - ((-11 - (-8 - 14)) + 0)).
38
What is the value of -1594 + 1516 - (1 + -33)?
-46
Calculate -12 - (-8 - -11) - 1 - (-30 + 40).
-26
33 - (-55 - -47 - (0 + 12))
53
What is (-20 - -27 - (30 - -23)) + -13?
-59
Evaluate -12 - (-6 - (6 - 11)) - (305 - 395).
79
Evaluate 26 + (-16 - 5) - (-28 - (-1 + 3)).
35
-104 + (253 - 87) + (-20 - -2)
44
Evaluate (5 - 1) + (-7 - 23 - -26) + 6.
6
What is 143 + -140 - (16 - -28)?
-41
What is (-33 - -1) + 79 - 49?
-2
Calculate (-92 - 26) + 51 + -1 + 23.
-45
What is 100 - (10 + 52 - 64)?
102
-55 + -3 + -36 + 58
-36
Evaluate 51 - (20 - (14 - 4)) - 27.
14
Calculate -4 + -4 + 4 + (-7 - -12) - -11.
12
-7 + (51 - 65) + 40
19
-3 + 4 + -5 - (40 - (17 + -1 + 6))
-22
-62 + (29 - 81) + 3 - (1 - -15)
-127
What is 112 - (113 - -27) - 58?
-86
(4 - (-3 - -9)) + (4 - (-11 - (-3 - -61)))
71
What is 1 - ((10 - (-31 + 18 - -20)) + -55)?
53
Calculate (-5 - 0) + (17 - -9) + 7 + 5.
33
What is (128 - 204 - -15) + 63?
2
Calculate 35 - 16 - 37 - 4 - 53.
-75
What is (97 - -2) + (-19 - -17) + -17 + 1?
81
Calculate -7 - (-383 + 380 - (30 - -1) - (-13 + 3)).
17
-147 + -31 + 330 - 291
-139
What is the value of 44 + -21 + 39 + -2 + -11?
49
What is the value of (7 - (-4 + 6) - (-6 + 93)) + 2 + 4?
-76
-8 + -8 - ((3 - -3) + 3 - (-4 + 3))
-26
What is 97 - 113 - (3 + 0 - -3)?
-22
-28 + 20 + (19 - 23) - -57
45
Evaluate 21 + -45 - (-22 - (-8 + 2